{"id":1350,"date":"2020-08-13T22:29:51","date_gmt":"2020-08-14T01:29:51","guid":{"rendered":"https:\/\/novo.mnu.org.br\/?page_id=1350"},"modified":"2020-08-13T22:29:51","modified_gmt":"2020-08-14T01:29:51","slug":"mnu-2","status":"publish","type":"page","link":"https:\/\/novo.mnu.org.br\/?page_id=1350","title":{"rendered":"MNU"},"content":{"rendered":"<p>[vc_row][vc_column css=&#8221;.vc_custom_1512467244973{padding-right: 25px !important;padding-left: 25px !important;}&#8221;][vc_column_text]<\/p>\n<h2>O MNU<\/h2>\n<p>O\u00a0<strong>Movimento Negro Unificado (MNU)\u00a0<\/strong>\u00e9 uma organiza\u00e7\u00e3o pioneira na luta do Povo Negro no Brasil. Fundada no dia 18 de junho de 1978, e lan\u00e7ada publicamente no dia 7 de julho, deste mesmo ano, em evento nas escadarias do Teatro Municipal de S\u00e3o Paulo em pleno regime militar. O ato representou um marco referencial hist\u00f3rico na luta contra a discrimina\u00e7\u00e3o racial no pa\u00eds.[\/vc_column_text][\/vc_column][\/vc_row][vc_section][vc_row][vc_column][vc_column_text]<\/p>\n<h2>Quem somos<\/h2>\n<p>[\/vc_column_text][\/vc_column][\/vc_row][vc_row][vc_column][vc_column_text]<\/p>\n<p style=\"text-align: center;\">Coordena\u00e7\u00e3o Nacional Movimento Negro Unificado (MNU)<br \/>\nEleita no 18\u00ba Congresso Nacional do MNU &#8211; 2017<\/p>\n<p>[\/vc_column_text][\/vc_column][\/vc_row][vc_row][vc_column width=&#8221;1\/4&#8243;][vc_column_text]<a href=\"https:\/\/novo.mnu.org.br\/mnu\/milton-barbosa\/\" rel=\"attachment wp-att-1339\"><img loading=\"lazy\" decoding=\"async\" class=\"aligncenter size-medium wp-image-1339\" src=\"https:\/\/novo.mnu.org.br\/wp-content\/uploads\/2020\/07\/milton-barbosa-248x300.jpg\" alt=\"\" width=\"248\" height=\"300\" \/><\/a><br \/>\n[\/vc_column_text][\/vc_column][vc_column width=&#8221;3\/4&#8243;][vc_column_text]<\/p>\n<p style=\"text-align: left;\"><strong>Milton Barbosa<br \/>\n<\/strong>Coordenador de Honra do MNU<\/p>\n<p>Em breve&#8230;[\/vc_column_text][\/vc_column][\/vc_row][vc_row css=&#8221;.vc_custom_1594420645622{padding-bottom: 20px !important;}&#8221;][vc_column][vc_zigzag][\/vc_column][\/vc_row][vc_row][vc_column width=&#8221;1\/4&#8243;][vc_column_text]<a href=\"https:\/\/novo.mnu.org.br\/mnu\/ieda\/\" rel=\"attachment wp-att-1338\"><img loading=\"lazy\" decoding=\"async\" class=\"size-full wp-image-1338 aligncenter\" src=\"https:\/\/novo.mnu.org.br\/wp-content\/uploads\/2020\/07\/ieda.jpg\" alt=\"\" width=\"300\" height=\"300\" \/><\/a><br \/>\n[\/vc_column_text][\/vc_column][vc_column width=&#8221;3\/4&#8243;][vc_column_text]<\/p>\n<p style=\"text-align: left;\"><strong>I\u00eada Leal de Souza<br \/>\n<\/strong>Coordenadora Nacional<\/p>\n<p>A coordenadora nacional do Movimento Negro Unificado (MNU), I\u00eada Leal , \u00e9 graduada em Pedagogia pela PUC GO, Especialista em M\u00e9todos T\u00e9cnicas de Ensino pela Universidade Salgado de Oliveira. Ativista do Movimento Negro e do Movimento Sindical. Atualmente Secreta\u0301ria de Combate ao Racismo da CNTE; Secretaria de Comunica\u00e7\u00e3o da CUT GO; Foi Conselheira do Conselho Estadual de Educa\u00e7\u00e3o de Goi\u00e1s; \u00c9 Coordenadora do Centro de Refere\u0302ncia Negra Le\u0301lia Gonza\u0301les; fundadora do MNU Goi\u00e1s.[\/vc_column_text][\/vc_column][\/vc_row][\/vc_section][vc_row][vc_column css=&#8221;.vc_custom_1512467009756{margin-top: 0px !important;margin-right: 0px !important;margin-bottom: 0px !important;margin-left: 0px !important;}&#8221;][vc_column_text]<\/p>\n<h2>Documentos<\/h2>\n<p>[\/vc_column_text][ult_createlink title=&#8221;Estatuto do Movimento Negro Unificado&#8221; btn_link=&#8221;url:https%3A%2F%2Fmnu.org.br%2Fwp-content%2Fuploads%2F2020%2F07%2FESTATUTO_DO_MOVIMENTO_NEGRO_UNIFICADO-compactado.pdf||target:%20_blank|&#8221; link_hover_style=&#8221;Style_11&#8243; text_color=&#8221;#ffffff&#8221; text_hovercolor=&#8221;#ffffff&#8221; background_color=&#8221;#fdc913&#8243; bghovercolor=&#8221;#000000&#8243; text_style=&#8221;left&#8221; el_class=&#8221;links&#8221; heading_style=&#8221;font-weight:bold;&#8221; title_font_size=&#8221;desktop:20px;&#8221; title_line_ht=&#8221;desktop:30px;&#8221; css=&#8221;.vc_custom_1597368561431{margin-right: 0px !important;margin-bottom: 10px !important;margin-left: 0px !important;padding-top: 5px !important;padding-right: 10px !important;padding-bottom: 5px !important;padding-left: 10px !important;}&#8221;][ult_createlink title=&#8221;Carta de Princ\u00edpios&#8221; btn_link=&#8221;url:https%3A%2F%2Fmnu.org.br%2Fwp-content%2Fuploads%2F2020%2F07%2FCARTA-DE-PRINC%C3%8DPIO-MNU-1.pdf||target:%20_blank|&#8221; link_hover_style=&#8221;Style_11&#8243; text_color=&#8221;#ffffff&#8221; text_hovercolor=&#8221;#ffffff&#8221; background_color=&#8221;#fdc913&#8243; bghovercolor=&#8221;#000000&#8243; text_style=&#8221;left&#8221; el_class=&#8221;links&#8221; heading_style=&#8221;font-weight:bold;&#8221; title_font_size=&#8221;desktop:20px;&#8221; title_line_ht=&#8221;desktop:30px;&#8221; css=&#8221;.vc_custom_1597368535265{margin-right: 0px !important;margin-bottom: 10px !important;margin-left: 0px !important;padding-top: 5px !important;padding-right: 10px !important;padding-bottom: 5px !important;padding-left: 10px !important;}&#8221;][ult_createlink title=&#8221;Plano de Lutas do MNU&#8221; btn_link=&#8221;url:https%3A%2F%2Fmnu.org.br%2Fwp-content%2Fthemes%2Fflawless-child%2Fdocs%2Fplano_de_lutas.pdf||target:%20_blank|&#8221; link_hover_style=&#8221;Style_11&#8243; text_color=&#8221;#ffffff&#8221; text_hovercolor=&#8221;#ffffff&#8221; background_color=&#8221;#fdc913&#8243; bghovercolor=&#8221;#000000&#8243; text_style=&#8221;left&#8221; el_class=&#8221;links&#8221; heading_style=&#8221;font-weight:bold;&#8221; title_font_size=&#8221;desktop:20px;&#8221; title_line_ht=&#8221;desktop:30px;&#8221; css=&#8221;.vc_custom_1594171705149{margin-right: 0px !important;margin-left: 0px !important;padding-top: 5px !important;padding-right: 10px !important;padding-bottom: 5px !important;padding-left: 10px !important;}&#8221;][ult_createlink title=&#8221;Programa de A\u00e7\u00e3o do MNU&#8221; btn_link=&#8221;url:https%3A%2F%2Fmnu.org.br%2Fwp-content%2Fthemes%2Fflawless-child%2Fdocs%2Fprograma_de_acao.pdf||target:%20_blank|&#8221; link_hover_style=&#8221;Style_11&#8243; text_color=&#8221;#ffffff&#8221; text_hovercolor=&#8221;#ffffff&#8221; background_color=&#8221;#fdc913&#8243; bghovercolor=&#8221;#000000&#8243; text_style=&#8221;left&#8221; el_class=&#8221;links&#8221; heading_style=&#8221;font-weight:bold;&#8221; title_font_size=&#8221;desktop:20px;&#8221; title_line_ht=&#8221;desktop:30px;&#8221; css=&#8221;.vc_custom_1594171766308{margin-right: 0px !important;margin-left: 0px !important;padding-top: 5px !important;padding-right: 10px !important;padding-bottom: 5px !important;padding-left: 10px !important;}&#8221;][ult_createlink title=&#8221;Hino ao MNU&#8221; btn_link=&#8221;url:https%3A%2F%2Fmnu.org.br%2Fwp-content%2Fuploads%2F2020%2F07%2FHINO-AO-MNU.pdf||target:%20_blank|&#8221; link_hover_style=&#8221;Style_11&#8243; text_color=&#8221;#ffffff&#8221; text_hovercolor=&#8221;#ffffff&#8221; background_color=&#8221;#fdc913&#8243; bghovercolor=&#8221;#000000&#8243; text_style=&#8221;left&#8221; el_class=&#8221;links&#8221; heading_style=&#8221;font-weight:bold;&#8221; title_font_size=&#8221;desktop:20px;&#8221; title_line_ht=&#8221;desktop:30px;&#8221; css=&#8221;.vc_custom_1597368582026{margin-right: 0px !important;margin-left: 0px !important;padding-top: 5px !important;padding-right: 10px !important;padding-bottom: 5px !important;padding-left: 10px !important;}&#8221;][ult_createlink title=&#8221;Regimento Interno&#8221; btn_link=&#8221;||target:%20_blank|&#8221; link_hover_style=&#8221;Style_11&#8243; text_color=&#8221;#ffffff&#8221; text_hovercolor=&#8221;#ffffff&#8221; background_color=&#8221;#fdc913&#8243; bghovercolor=&#8221;#000000&#8243; text_style=&#8221;left&#8221; el_class=&#8221;links&#8221; heading_style=&#8221;font-weight:bold;&#8221; title_font_size=&#8221;desktop:20px;&#8221; title_line_ht=&#8221;desktop:30px;&#8221; css=&#8221;.vc_custom_1597368746965{margin-right: 0px !important;margin-left: 0px !important;padding-top: 5px !important;padding-right: 10px !important;padding-bottom: 5px !important;padding-left: 10px !important;}&#8221;][ult_createlink title=&#8221;Mem\u00f3ria (em breve)&#8221; btn_link=&#8221;||target:%20_blank|&#8221; link_hover_style=&#8221;Style_11&#8243; text_color=&#8221;#ffffff&#8221; text_hovercolor=&#8221;#ffffff&#8221; background_color=&#8221;#fdc913&#8243; bghovercolor=&#8221;#000000&#8243; text_style=&#8221;left&#8221; el_class=&#8221;links&#8221; heading_style=&#8221;font-weight:bold;&#8221; title_font_size=&#8221;desktop:20px;&#8221; title_line_ht=&#8221;desktop:30px;&#8221; css=&#8221;.vc_custom_1594172022072{margin-right: 0px !important;margin-left: 0px !important;padding-top: 5px !important;padding-right: 10px !important;padding-bottom: 5px !important;padding-left: 10px !important;}&#8221;][ult_createlink title=&#8221;Logomarca (em breve)&#8221; btn_link=&#8221;||target:%20_blank|&#8221; link_hover_style=&#8221;Style_11&#8243; text_color=&#8221;#ffffff&#8221; text_hovercolor=&#8221;#ffffff&#8221; background_color=&#8221;#fdc913&#8243; bghovercolor=&#8221;#000000&#8243; text_style=&#8221;left&#8221; el_class=&#8221;links&#8221; heading_style=&#8221;font-weight:bold;&#8221; title_font_size=&#8221;desktop:20px;&#8221; title_line_ht=&#8221;desktop:30px;&#8221; css=&#8221;.vc_custom_1594172038161{margin-right: 0px !important;margin-left: 0px !important;padding-top: 5px !important;padding-right: 10px !important;padding-bottom: 5px !important;padding-left: 10px !important;}&#8221;][\/vc_column][\/vc_row]<\/p>\n","protected":false},"excerpt":{"rendered":"<p>[vc_row][vc_column css=&#8221;.vc_custom_1512467244973{padding-right: 25px !important;padding-left: 25px !important;}&#8221;][vc_column_text] O MNU O\u00a0Movimento Negro Unificado (MNU)\u00a0\u00e9 uma organiza\u00e7\u00e3o pioneira na luta do Povo Negro no Brasil. Fundada no dia 18 de junho de 1978, e lan\u00e7ada publicamente no dia 7 de julho, deste mesmo ano, em evento nas escadarias do Teatro Municipal de S\u00e3o Paulo em pleno regime militar. [&hellip;]<\/p>\n","protected":false},"author":3,"featured_media":0,"parent":0,"menu_order":0,"comment_status":"closed","ping_status":"closed","template":"","meta":{"footnotes":""},"class_list":["post-1350","page","type-page","status-publish","hentry"],"_links":{"self":[{"href":"https:\/\/novo.mnu.org.br\/index.php?rest_route=\/wp\/v2\/pages\/1350","targetHints":{"allow":["GET"]}}],"collection":[{"href":"https:\/\/novo.mnu.org.br\/index.php?rest_route=\/wp\/v2\/pages"}],"about":[{"href":"https:\/\/novo.mnu.org.br\/index.php?rest_route=\/wp\/v2\/types\/page"}],"author":[{"embeddable":true,"href":"https:\/\/novo.mnu.org.br\/index.php?rest_route=\/wp\/v2\/users\/3"}],"replies":[{"embeddable":true,"href":"https:\/\/novo.mnu.org.br\/index.php?rest_route=%2Fwp%2Fv2%2Fcomments&post=1350"}],"version-history":[{"count":0,"href":"https:\/\/novo.mnu.org.br\/index.php?rest_route=\/wp\/v2\/pages\/1350\/revisions"}],"wp:attachment":[{"href":"https:\/\/novo.mnu.org.br\/index.php?rest_route=%2Fwp%2Fv2%2Fmedia&parent=1350"}],"curies":[{"name":"wp","href":"https:\/\/api.w.org\/{rel}","templated":true}]}}

<p>[vc_row][vc_column css=&#8221;.vc_custom_1512467244973{padding-right: 25px !important;padding-left: 25px !important;}&#8221;][vc_column_text]</p>
<h2>O MNU</h2>
<p>O <strong>Movimento Negro Unificado (MNU) </strong>é uma organização pioneira na luta do Povo Negro no Brasil. Fundada no dia 18 de junho de 1978, e lançada publicamente no dia 7 de julho, deste mesmo ano, em evento nas escadarias do Teatro Municipal de São Paulo em pleno regime militar. O ato representou um marco referencial histórico na luta contra a discriminação racial no país.[/vc_column_text][/vc_column][/vc_row][vc_section][vc_row][vc_column][vc_column_text]</p>
<h2>Quem somos</h2>
<p>[/vc_column_text][/vc_column][/vc_row][vc_row][vc_column][vc_column_text]</p>
<p style="text-align: center;">Coordenação Nacional Movimento Negro Unificado (MNU)<br />
Eleita no 18º Congresso Nacional do MNU &#8211; 2017</p>
<p>[/vc_column_text][/vc_column][/vc_row][vc_row][vc_column width=&#8221;1/4&#8243;][vc_column_text]<a href="https://novo.mnu.org.br/mnu/milton-barbosa/" rel="attachment wp-att-1339"><img loading="lazy" decoding="async" class="aligncenter size-medium wp-image-1339" src="https://novo.mnu.org.br/wp-content/uploads/2020/07/milton-barbosa-248x300.jpg" alt="" width="248" height="300" /></a><br />
[/vc_column_text][/vc_column][vc_column width=&#8221;3/4&#8243;][vc_column_text]</p>
<p style="text-align: left;"><strong>Milton Barbosa<br />
</strong>Coordenador de Honra do MNU</p>
<p>Em breve&#8230;[/vc_column_text][/vc_column][/vc_row][vc_row css=&#8221;.vc_custom_1594420645622{padding-bottom: 20px !important;}&#8221;][vc_column][vc_zigzag][/vc_column][/vc_row][vc_row][vc_column width=&#8221;1/4&#8243;][vc_column_text]<a href="https://novo.mnu.org.br/mnu/ieda/" rel="attachment wp-att-1338"><img loading="lazy" decoding="async" class="size-full wp-image-1338 aligncenter" src="https://novo.mnu.org.br/wp-content/uploads/2020/07/ieda.jpg" alt="" width="300" height="300" /></a><br />
[/vc_column_text][/vc_column][vc_column width=&#8221;3/4&#8243;][vc_column_text]</p>
<p style="text-align: left;"><strong>Iêda Leal de Souza<br />
</strong>Coordenadora Nacional</p>
<p>A coordenadora nacional do Movimento Negro Unificado (MNU), Iêda Leal , é graduada em Pedagogia pela PUC GO, Especialista em Métodos Técnicas de Ensino pela Universidade Salgado de Oliveira. Ativista do Movimento Negro e do Movimento Sindical. Atualmente Secretária de Combate ao Racismo da CNTE; Secretaria de Comunicação da CUT GO; Foi Conselheira do Conselho Estadual de Educação de Goiás; É Coordenadora do Centro de Referência Negra Lélia Gonzáles; fundadora do MNU Goiás.[/vc_column_text][/vc_column][/vc_row][/vc_section][vc_row][vc_column css=&#8221;.vc_custom_1512467009756{margin-top: 0px !important;margin-right: 0px !important;margin-bottom: 0px !important;margin-left: 0px !important;}&#8221;][vc_column_text]</p>
<h2>Documentos</h2>
<p>[/vc_column_text][ult_createlink title=&#8221;Estatuto do Movimento Negro Unificado&#8221; btn_link=&#8221;url:https%3A%2F%2Fmnu.org.br%2Fwp-content%2Fuploads%2F2020%2F07%2FESTATUTO_DO_MOVIMENTO_NEGRO_UNIFICADO-compactado.pdf||target:%20_blank|&#8221; link_hover_style=&#8221;Style_11&#8243; text_color=&#8221;#ffffff&#8221; text_hovercolor=&#8221;#ffffff&#8221; background_color=&#8221;#fdc913&#8243; bghovercolor=&#8221;#000000&#8243; text_style=&#8221;left&#8221; el_class=&#8221;links&#8221; heading_style=&#8221;font-weight:bold;&#8221; title_font_size=&#8221;desktop:20px;&#8221; title_line_ht=&#8221;desktop:30px;&#8221; css=&#8221;.vc_custom_1597368561431{margin-right: 0px !important;margin-bottom: 10px !important;margin-left: 0px !important;padding-top: 5px !important;padding-right: 10px !important;padding-bottom: 5px !important;padding-left: 10px !important;}&#8221;][ult_createlink title=&#8221;Carta de Princípios&#8221; btn_link=&#8221;url:https%3A%2F%2Fmnu.org.br%2Fwp-content%2Fuploads%2F2020%2F07%2FCARTA-DE-PRINC%C3%8DPIO-MNU-1.pdf||target:%20_blank|&#8221; link_hover_style=&#8221;Style_11&#8243; text_color=&#8221;#ffffff&#8221; text_hovercolor=&#8221;#ffffff&#8221; background_color=&#8221;#fdc913&#8243; bghovercolor=&#8221;#000000&#8243; text_style=&#8221;left&#8221; el_class=&#8221;links&#8221; heading_style=&#8221;font-weight:bold;&#8221; title_font_size=&#8221;desktop:20px;&#8221; title_line_ht=&#8221;desktop:30px;&#8221; css=&#8221;.vc_custom_1597368535265{margin-right: 0px !important;margin-bottom: 10px !important;margin-left: 0px !important;padding-top: 5px !important;padding-right: 10px !important;padding-bottom: 5px !important;padding-left: 10px !important;}&#8221;][ult_createlink title=&#8221;Plano de Lutas do MNU&#8221; btn_link=&#8221;url:https%3A%2F%2Fmnu.org.br%2Fwp-content%2Fthemes%2Fflawless-child%2Fdocs%2Fplano_de_lutas.pdf||target:%20_blank|&#8221; link_hover_style=&#8221;Style_11&#8243; text_color=&#8221;#ffffff&#8221; text_hovercolor=&#8221;#ffffff&#8221; background_color=&#8221;#fdc913&#8243; bghovercolor=&#8221;#000000&#8243; text_style=&#8221;left&#8221; el_class=&#8221;links&#8221; heading_style=&#8221;font-weight:bold;&#8221; title_font_size=&#8221;desktop:20px;&#8221; title_line_ht=&#8221;desktop:30px;&#8221; css=&#8221;.vc_custom_1594171705149{margin-right: 0px !important;margin-left: 0px !important;padding-top: 5px !important;padding-right: 10px !important;padding-bottom: 5px !important;padding-left: 10px !important;}&#8221;][ult_createlink title=&#8221;Programa de Ação do MNU&#8221; btn_link=&#8221;url:https%3A%2F%2Fmnu.org.br%2Fwp-content%2Fthemes%2Fflawless-child%2Fdocs%2Fprograma_de_acao.pdf||target:%20_blank|&#8221; link_hover_style=&#8221;Style_11&#8243; text_color=&#8221;#ffffff&#8221; text_hovercolor=&#8221;#ffffff&#8221; background_color=&#8221;#fdc913&#8243; bghovercolor=&#8221;#000000&#8243; text_style=&#8221;left&#8221; el_class=&#8221;links&#8221; heading_style=&#8221;font-weight:bold;&#8221; title_font_size=&#8221;desktop:20px;&#8221; title_line_ht=&#8221;desktop:30px;&#8221; css=&#8221;.vc_custom_1594171766308{margin-right: 0px !important;margin-left: 0px !important;padding-top: 5px !important;padding-right: 10px !important;padding-bottom: 5px !important;padding-left: 10px !important;}&#8221;][ult_createlink title=&#8221;Hino ao MNU&#8221; btn_link=&#8221;url:https%3A%2F%2Fmnu.org.br%2Fwp-content%2Fuploads%2F2020%2F07%2FHINO-AO-MNU.pdf||target:%20_blank|&#8221; link_hover_style=&#8221;Style_11&#8243; text_color=&#8221;#ffffff&#8221; text_hovercolor=&#8221;#ffffff&#8221; background_color=&#8221;#fdc913&#8243; bghovercolor=&#8221;#000000&#8243; text_style=&#8221;left&#8221; el_class=&#8221;links&#8221; heading_style=&#8221;font-weight:bold;&#8221; title_font_size=&#8221;desktop:20px;&#8221; title_line_ht=&#8221;desktop:30px;&#8221; css=&#8221;.vc_custom_1597368582026{margin-right: 0px !important;margin-left: 0px !important;padding-top: 5px !important;padding-right: 10px !important;padding-bottom: 5px !important;padding-left: 10px !important;}&#8221;][ult_createlink title=&#8221;Regimento Interno&#8221; btn_link=&#8221;||target:%20_blank|&#8221; link_hover_style=&#8221;Style_11&#8243; text_color=&#8221;#ffffff&#8221; text_hovercolor=&#8221;#ffffff&#8221; background_color=&#8221;#fdc913&#8243; bghovercolor=&#8221;#000000&#8243; text_style=&#8221;left&#8221; el_class=&#8221;links&#8221; heading_style=&#8221;font-weight:bold;&#8221; title_font_size=&#8221;desktop:20px;&#8221; title_line_ht=&#8221;desktop:30px;&#8221; css=&#8221;.vc_custom_1597368746965{margin-right: 0px !important;margin-left: 0px !important;padding-top: 5px !important;padding-right: 10px !important;padding-bottom: 5px !important;padding-left: 10px !important;}&#8221;][ult_createlink title=&#8221;Memória (em breve)&#8221; btn_link=&#8221;||target:%20_blank|&#8221; link_hover_style=&#8221;Style_11&#8243; text_color=&#8221;#ffffff&#8221; text_hovercolor=&#8221;#ffffff&#8221; background_color=&#8221;#fdc913&#8243; bghovercolor=&#8221;#000000&#8243; text_style=&#8221;left&#8221; el_class=&#8221;links&#8221; heading_style=&#8221;font-weight:bold;&#8221; title_font_size=&#8221;desktop:20px;&#8221; title_line_ht=&#8221;desktop:30px;&#8221; css=&#8221;.vc_custom_1594172022072{margin-right: 0px !important;margin-left: 0px !important;padding-top: 5px !important;padding-right: 10px !important;padding-bottom: 5px !important;padding-left: 10px !important;}&#8221;][ult_createlink title=&#8221;Logomarca (em breve)&#8221; btn_link=&#8221;||target:%20_blank|&#8221; link_hover_style=&#8221;Style_11&#8243; text_color=&#8221;#ffffff&#8221; text_hovercolor=&#8221;#ffffff&#8221; background_color=&#8221;#fdc913&#8243; bghovercolor=&#8221;#000000&#8243; text_style=&#8221;left&#8221; el_class=&#8221;links&#8221; heading_style=&#8221;font-weight:bold;&#8221; title_font_size=&#8221;desktop:20px;&#8221; title_line_ht=&#8221;desktop:30px;&#8221; css=&#8221;.vc_custom_1594172038161{margin-right: 0px !important;margin-left: 0px !important;padding-top: 5px !important;padding-right: 10px !important;padding-bottom: 5px !important;padding-left: 10px !important;}&#8221;][/vc_column][/vc_row]</p>

<p>[vc_row][vc_column css=&#8221;.vc_custom_1512467244973{padding-right: 25px !important;padding-left: 25px !important;}&#8221;][vc_column_text] O MNU O Movimento Negro Unificado (MNU) é uma organização pioneira na luta do Povo Negro no Brasil. Fundada no dia 18 de junho de 1978, e lançada publicamente no dia 7 de julho, deste mesmo ano, em evento nas escadarias do Teatro Municipal de São Paulo em pleno regime militar. [&hellip;]</p>
